1999
List the prime factors of 97732134.
2, 3, 487, 11149
What are the prime factors of 11109673?
233, 47681
List the prime factors of 164669474.
2, 82334737
What are the prime factors of 86089773?
3, 7, 11, 193, 1931
What are the prime factors of 53832248?
2, 257, 26183
List the prime factors of 70924425.
3, 5, 11, 13, 17, 389
What are the prime factors of 622586543?
449, 1386607
List the prime factors of 201881661.
3, 523, 128669
List the prime factors of 4287193840.
2, 5, 53589923
What are the prime factors of 15141387?
3, 5047129
List the prime factors of 111184229.
13, 89, 96097
List the prime factors of 1138541999.
7, 23235551
List the prime factors of 2060039338.
2, 7, 147145667
List the prime factors of 358025991.
3, 149, 800953
What are the prime factors of 37335038?
2, 13, 19, 75577
List the prime factors of 176026349.
176026349
What are the prime factors of 48904571?
181, 270191
What are the prime factors of 72514690?
2, 5, 17, 179, 2383
List the prime factors of 375936032.
2, 619, 18979
What are the prime factors of 508096241?
107, 4748563
What are the prime factors of 8316978?
2, 3, 17, 67, 1217
List the prime factors of 259530435.
3, 5, 149, 38707
What are the prime factors of 93066020?
2, 5, 4653301
What are the prime factors of 766043288?
2, 271, 353341
List the prime factors of 1159487154.
2, 3, 7, 9202279
List the prime factors of 3575581732.
2, 893895433
What are the prime factors of 408931028?
2, 11, 9293887
List the prime factors of 175206636.
2, 3, 11, 59, 7499
What are the prime factors of 64479384?
2, 3, 281, 3187
What are the prime factors of 1842193186?
2, 43, 53, 404167
List the prime factors of 368172232.
2, 79, 582551
List the prime factors of 3672528119.
13, 31, 61, 149393
List the prime factors of 3119956459.
41, 53, 1435783
What are the prime factors of 1189930684?
2, 297482671
List the prime factors of 397079959.
563, 705293
What are the prime factors of 8997768?
2, 3, 13, 9613
What are the prime factors of 134412455?
5, 17, 167, 557
What are the prime factors of 974031933?
3, 7, 53, 875141
List the prime factors of 355975804.
2, 88993951
What are the prime factors of 2880841882?
2, 1440420941
List the prime factors of 264972941.
264972941
What are the prime factors of 396331931?
17, 31, 752053
What are the prime factors of 6135890?
2, 5, 269, 2281
What are the prime factors of 269700599?
7, 23, 173, 421
List the prime factors of 342672664.
2, 42834083
List the prime factors of 5927999.
7, 11, 167, 461
List the prime factors of 326908869.
3, 7, 15567089
What are the prime factors of 167745864?
2, 3, 11, 13, 37, 1321
List the prime factors of 1007391106.
2, 503695553
List the prime factors of 1087378480.
2, 5, 17, 799543
List the prime factors of 98254291.
29, 113, 29983
What are the prime factors of 31076529?
3, 11, 167, 5639
List the prime factors of 976965923.
47, 151, 137659
List the prime factors of 22037389.
11, 17, 191, 617
List the prime factors of 62011427.
17, 23, 158597
List the prime factors of 2105792349.
3, 41, 17120263
List the prime factors of 141827375.
5, 1134619
What are the prime factors of 89389002?
2, 3, 43, 346469
What are the prime factors of 1051101677?
1051101677
What are the prime factors of 719323883?
719323883
List the prime factors of 66111942.
2, 3, 13, 847589
What are the prime factors of 4631458602?
2, 3, 771909767
List the prime factors of 1404724514.
2, 31, 337, 67231
List the prime factors of 290586470.
2, 5, 883, 32909
List the prime factors of 440746940.
2, 5, 53, 415799
List the prime factors of 119273049.
3, 7, 1893223
List the prime factors of 425406460.
2, 5, 21270323
What are the prime factors of 337242980?
2, 5, 43, 392143
List the prime factors of 62213895.
3, 5, 83, 16657
What are the prime factors of 8286430450?
2, 5, 1609, 103001
What are the prime factors of 634554306?
2, 3, 131, 439, 613
List the prime factors of 145246803.
3, 13, 3724277
List the prime factors of 5891096615.
5, 17, 69307019
What are the prime factors of 16757485?
5, 37, 239, 379
What are the prime factors of 96553108?
2, 1601, 15077
What are the prime factors of 208276783?
11, 13, 199, 563
List the prime factors of 40099639.
1433, 27983
List the prime factors of 574696348.
2, 143674087
What are the prime factors of 636362035?
5, 127272407
List the prime factors of 1342410089.
101, 13291189
What are the prime factors of 150588513?
3, 389, 43013
What are the prime factors of 200939497?
11, 19, 87403
What are the prime factors of 290640473?
19, 211, 72497
What are the prime factors of 46751971?
7, 6678853
What are the prime factors of 4142845698?
2, 3, 23, 30020621
List the prime factors of 3018575639.
2017, 1496567
List the prime factors of 46898787.
3, 13, 617, 1949
List the prime factors of 234071611.
701, 333911
What are the prime factors of 568528703?
293, 1940371
List the prime factors of 110878513.
29, 821, 4657
What are the prime factors of 2158120098?
2, 3, 61, 218389
What are the prime factors of 213920338?
2, 106960169
What are the prime factors of 865451392?
2, 13, 520103
What are the prime factors of 24862781?
2333, 10657
What are the prime factors of 1682317081?
1682317081
List the prime factors of 266241371.
11, 24203761
List the prime factors of 198022920.
2, 3, 5, 1650191
List the prime factors of 9891437.
1171, 8447
What are the prime factors of 4155390652?
2, 7, 67, 191, 11597
List the prime factors of 86633561.
7, 31, 71, 5623
List the prime factors of 117969855.
3, 5, 43, 182899
What are the prime factors of 57745280?
2, 5, 90227
What are the prime factors of 95097187?
67, 71, 19991
List the prime factors of 896095904.
2, 11, 2545727
List the prime factors of 1182197821.
7, 168885403
List the prime factors of 1159957203.
3, 89, 653, 6653
List the prime factors of 56906058.
2, 3, 11, 103, 761
List the prime factors of 293996874.
2, 3, 1523, 32173
List the prime factors of 1759610987.
1759610987
List the prime factors of 170648890.
2, 5, 17, 1003817
What are the prime factors of 12301285?
5, 17, 8513
What are the prime factors of 222518001?
3, 197, 376511
What are the prime factors of 35308796?
2, 17, 519247
What are the prime factors of 17158066?
2, 17, 31, 73, 223
What are the prime factors of 426443986?
2, 43, 4958651
What are the prime factors of 81043200?
2, 3, 5, 7, 67
What are the prime factors of 204192459?
3, 23, 986437
List the prime factors of 40818140.
2, 5, 11, 101, 167
What are the prime factors of 270761373?
3, 3342733
What are the prime factors of 16988682?
2, 3, 31, 149, 613
What are the prime factors of 30782362?
2, 13, 157, 7541
List the prime factors of 850106544.
2, 3, 7, 2530079
List the prime factors of 1438004957.
53, 491, 55259
List the prime factors of 103685372.
2, 7, 529007
What are the prime factors of 237159868?
2, 11, 5389997
List the prime factors of 2154325019.
7, 11, 1031, 2467
What are the prime factors of 908908229?
269, 1181, 2861
What are the prime factors of 2799228?
2, 3, 89, 2621
List the prime factors of 3409415276.
2, 29, 613, 47947
What are the prime factors of 1587372496?
2, 99210781
What are the prime factors of 492210317?
89, 557, 9929
What are the prime factors of 2339324424?
2, 3, 3343, 9719
List the prime factors of 379803750.
2, 3, 5, 101281
List the prime factors of 6320570.
2, 5, 43, 14699
List the prime factors of 3191484857.
11, 290134987
List the prime factors of 1930631516.
2, 11, 31, 1415419
What are the prime factors of 147853519?
11, 397, 33857
What are the prime factors of 1566331148?
2, 391582787
List the prime factors of 56941637.
31, 1836827
List the prime factors of 24342442.
2, 233, 52237
List the prime factors of 12311214.
2, 3, 331, 6199
List the prime factors of 128773781.
4759, 27059
What are the prime factors of 3974218569?
3, 31, 14244511
List the prime factors of 10994902.
2, 241, 22811
List the prime factors of 72925466.
2, 953, 38261
List the prime factors of 461279250.
2, 3, 5, 439, 467
List the prime factors of 1817294312.
2, 227161789
What are the prime factors of 865360415?
5, 19, 53, 171869
List the prime factors of 34398739.
34398739
What are the prime factors of 52008078?
2, 3, 29, 298897
What are the prime factors of 8835604913?
8835604913
List the prime factors of 32491397.
29, 101, 11093
Lis